 the remainder when i(p) is divided by 10.
7
Let m(b) = 11*b**2 + 1. Suppose 3*w + 65 = -3*c + 350, 0 = -2*w - 3*c + 191. Calculate the remainder when w is divided by m(-1).
10
Suppose 93*x + 168 = 3795. What is the remainder when 1909 is divided by x?
37
Let a(g) = g**3 - 25*g**2 + 25*g - 16. Calculate the remainder when a(24) is divided by 5.
3
Suppose -269 = -4*x - 5*o, 5*o - 10*o + 56 = x. Calculate the remainder when x is divided by 67.
4
Calculate the remainder when 1439 is divided by 9/2*(7 - -3)*1.
44
Let h be 14/21*-26*(-6)/4. Suppose 2*w = -2*d + h, -2*d - 6 = -2*w + d. What is the remainder when 34 is divided by w?
7
Suppose 672 - 266 = 29*k. Calculate the remainder when 33 is divided by k.
5
Let l(p) = -31*p - 703. What is the remainder when l(-38) is divided by 37?
31
Let f = -239 + 367. What is the remainder when f is divided by 49?
30
Let i = 75 - 91. Let n = i - -32. What is the remainder when n is divided by 10?
6
Let k(c) = -c**2 - 9*c + 2. Let r(h) = -3*h**3 - 35*h**2 - 26*h + 3. Calculate the remainder when r(-11) is divided by k(-7).
15
Let t be (3 + 5 - 3)*(-2)/(-2). Suppose 0 = -a + t, 5*a = 3*j + 2 - 7. What is the remainder when 68 is divided by j?
8
Let m = -250 - -259. Let i(r) = 20*r**3 - r**2. Let f be i(1). Let y = f - -16. Calculate the remainder when y is divided by m.
8
Let n = -808 + 859. Suppose -6*o + o + 5*b = -140, -5*b = -3*o + 86. Calculate the remainder when n is divided by o.
24
Suppose 2*z - 16 = -2*j + 4*z, -4*j + 32 = 2*z. Suppose 2*w - 6 = -0. Suppose 5*m - 65 = -3*t, 2*m - 5 - w = 0. What is the remainder when t is divided by j?
7
Suppose 0 = x - j - 248, 4*x - 6*j - 992 = -4*j. Suppose -65 = -0*t - t - z, 4*t - 2*z - x = 0. What is the remainder when t is divided by 33?
30
Suppose -58 = -2*j + 2*r, -7*r + 2*r = -4*j + 115. What is the remainder when 201 is divided by j?
21
Let k = 14 - 14. Suppose 2*o + 2*u = 3 - 7, u + 3 = k. Let y = o + 14. What is the remainder when 58 is divided by y?
13
Let m be ((-44)/(-20) - 1)/((-15)/(-250)). Suppose 97 + 92 = 5*n - o, -5*o = m. Calculate the remainder when 71 is divided by n.
34
Suppose -2*q - 21 + 167 = 0. Suppose -5*d = -g + 3*g - q, 3*d = 2*g - 97. What is the remainder when 86 is divided by g?
42
Let p = -75 - -114. Let g = 5 + -5. Suppose -k = -4*i, -k + g*k + 2*i + 10 = 0. Calculate the remainder when p is divided by k.
19
Suppose 63*k + 300 = 69*k. Let u(f) = 3*f**2 - f + 2. Calculate the remainder when k is divided by u(3).
24
Suppose 0 = -3*t - 0*t + 180. Suppose -21*n + 121 = -20*n. Let y = n - t. What is the remainder when y is divided by 16?
13
Suppose 0 = -7*j + 123 + 220. What is the remainder when 200 is divided by j?
4
Let j = 17 + -5. Let l(p) = -48*p - 8. Let x be l(-3). Suppose 4*f + 3*m - x = -0*f, -f - m + 34 = 0. Calculate the remainder when f is divided by j.
10
Let m(a) be the first derivative of a**2 - 18*a - 18. What is the remainder when 47 is divided by m(13)?
7
Let o be (-9)/(-6)*4 - 2. Suppose -3*v - 4*l - 10 = 28, -68 = 5*v + 2*l. What is the remainder when 5 is divided by ((-8)/7)/(o/v)?
1
Suppose -49 = 4*g - 381. What is the remainder when 246 is divided by g?
80
Let a = -30 + 64. Suppose -5*f + 28 = -3*d, 0*f + f = -4*d + 24. Suppose 0 = 4*b - f - 28. Calculate the remainder when a is divided by b.
7
Suppose 4*m = 3*n - 68 - 15, n = -4*m + 17. Suppose -l - 8 + n = o, l + 17 = o. Calculate the remainder when 24 is divided by o.
7
Let l(i) = -i**2 - 8*i + 14. What is the remainder when 104 is divided by l(-5)?
17
Let d = 41 + -29. What is the remainder when 34 is divided by (12/(-8))/(-3)*d*2?
10
Let y(p) = 2*p - 9. Let l be y(7). Suppose -4*j + 2*j + 38 = 0. What is the remainder when j is divided by (4 + (-31)/l)*(-7 - -2)?
8
Let y be 8/2 - (-2 + 1). Suppose y = 10*p - 9*p. Let g = -15 - -32. Calculate the remainder when g is divided by p.
2
Let r = -19 - -5. Let f = r - -46. What is the remainder when 127 is divided by f?
31
Let w = -56 - -20. Let y be (0 + -2)/(2/w). Suppose 0 = -4*m + 5 + 11, 0 = 4*z + 2*m - y. Calculate the remainder when 26 is divided by z.
5
Suppose -5*z - 23 - 7 = 0, 2*z + 360 = 4*y. Let i(d) = d**2 - 2*d + 3. What is the remainder when y is divided by i(-3)?
15
Suppose 2*n - 156 = -0*n. Let t = 6228 + -6201. Calculate the remainder when n is divided by t.
24
Suppose -3 - 2 = 5*v. Let t be v/(-3)*(-6)/2. Calculate the remainder when t/4 - (-122)/8 is divided by 4.
3
Let x = 3120 + -2673. Calculate the remainder when x is divided by 18.
15
Let x(n) = 16*n + 1. Suppose 0 = -5*u + 378 - 268. Calculate the remainder when x(4) is divided by u.
21
Suppose -5*m + 25 = 0, -5*m + 287 + 50 = 4*d. Calculate the remainder when d is divided by 16.
14
Suppose -2*o - 19 = 2*x - 23, 0 = 2*o - 4*x + 20. Let r(h) = -13*h - 4 - 1 + 1. Calculate the remainder when 87 is divided by r(o).
21
Suppose 14*q = -6*q + 360. Calculate the remainder when q is divided by 5.
3
Suppose 4*s + 40 = 2*u, u - 2*s + 80 = 5*u. Let g = 69 - u. Calculate the remainder when g is divided by 26.
23
Let y(p) = -6*p + 16. Let j be y(17). Let k = 129 + j. What is the remainder when k is divided by 15?
13
Let d = 55 + -30. Suppose -4*w = -51 - d. Calculate the remainder when 72 is divided by w.
15
Suppose 2*k + 11 = 3*g, 3*k - 3*g + 0 = -15. Calculate the remainder when k/14 + (-23)/(-7) - -11 is divided by 6.
2
Suppose 0 = 4*k - 7*k + 15. Suppose 5*g + 7 = 4*x, -2*g = -5*x + 6*x - k. Suppose -341*m + 24 = -338*m. What is the remainder when m is divided by x?
2
Suppose -5*h + 583 = -2*o + 6*o, 0 = 4*o - 5*h - 553. Calculate the remainder when o is divided by 37.
31
Suppose -38*q + 6648 = -14*q. Let s = -70 + 126. Calculate the remainder when q is divided by s.
53
What is the remainder when (-4034)/(-26) + 120/(-104) + 1 is divided by 66?
23
Suppose 5*p + 40 = 4*b + 2*p, 5*b = -3*p + 77. Let v = b - -2. What is the remainder when 42 is divided by v?
12
Suppose 0 = j - 17 - 36. What is the remainder when 953 is divided by j?
52
Let l be 7/3 + 2/(-6). Suppose -i + 5*i + 2 = r, 3*i - r = -l. What is the remainder when 26 is divided by (-1)/((-5)/(35 - i))?
5
Let n = -31 - -89. Calculate the remainder when n is divided by 510/153*1*6.
18
Suppose 0 = -o + 4*a - 0 - 4, o = -a + 21. Let c = 144 + o. What is the remainder when c is divided by 54?
52
Suppose -2*x = 5 - 15. Suppose -205 = 4*n - x*n. What is the remainder when n is divided by 52?
49
Let l = 8 - 6. Let h be 2 - (1368/2 + l). What is the remainder when (h/(-45))/((-4)/(-10)) is divided by 13?
12
Suppose -16*a = -17*a + 16. Let j(s) = s**2 - s + 5. Let d be ((-14)/8)/((-3)/(-12)). Calculate the remainder when j(d) is divided by a.
13
Let r(h) = 7 - 16*h + 8*h + 7*h + 5. What is the remainder when r(-8) is divided by 8?
4
Let i(l) = -l**2 + 9*l + 3. Let m(h) = -9*h**3 - 3*h**2 - 4*h - 5. Calculate the remainder when m(-2) is divided by i(7).
12
Let c(o) = 11*o**2 - o - 3. Let r be (-10 - -11) + (-2 - 1). Calculate the remainder when c(r) is divided by 22.
21
Let m(j) = -j + 13. Let b be m(10). What is the remainder when 62/3 + 4/(-6) is divided by (((-2)/b)/1)/(7/(-63))?
2
Let x = -485 + 552. What is the remainder when 465 is divided by x?
63
Suppose 2*p - 135 = -3*u, 3*p - 4*u - 3 - 157 = 0. What is the remainder when p is divided by 34?
26
Let a = 7 + -4. Suppose -2*w = 3*g + w, 0 = a*g + w - 8. Let n = -13 + 25. What is the remainder when n is divided by g?
0
Let m = 514 - 395. Calculate the remainder when m is divided by 26.
15
Suppose -4*u = u - 185. Let s(f) = 3*f + 8. Let p be s(-4). Let j = 14 + p. What is the remainder when u is divided by j?
7
Let n(x) = -x**2 - 24*x - 46. Suppose 4*j - p - 57 = 4*p, -14 = -j + p. What is the remainder when n(-7) is divided by j?
8
Suppose 5*n - 4 = 3*n. Let j(y) = -23*y + 306. What is the remainder when j(13) is divided by n?
1
Suppose -18 = 49*a - 55*a. What is the remainder when 31 is divided by a?
1
Let y = 234 - 220. Calculate the remainder when 218 is divided by y.
8
Suppose -14*u + 11*u - 4*l = -572, -2*l = -4*u + 726. Calculate the remainder when u is divided by 17.
14
Let k(h) = 54*h**2 + 2*h + 6. Let t be k(3). Suppose -2*q - 5*g = -0*q - 262, 4*q = 3*g + t. What is the remainder when q is divided by 43?
40
Let f(q) = q + 4. Let h be f